of 970182 and 21834?
18
Calculate the highest common divisor of 75744 and 2280999.
789
What is the greatest common factor of 2002 and 34328580?
286
What is the highest common factor of 1066590 and 21280?
70
Calculate the greatest common factor of 207576 and 2578704.
744
Calculate the highest common factor of 1364 and 26443186.
682
Calculate the greatest common divisor of 9756593 and 484.
121
What is the highest common divisor of 40392100 and 100?
100
Calculate the highest common divisor of 15 and 16697435.
5
What is the greatest common factor of 397 and 203492?
1
Calculate the highest common factor of 1648 and 306064.
16
Calculate the greatest common divisor of 2340 and 110514105.
585
What is the highest common factor of 1088 and 989876?
68
Calculate the greatest common factor of 10422 and 565929.
9
Calculate the highest common factor of 5983012 and 506324.
2996
What is the highest common factor of 83566 and 1422314?
94
Calculate the greatest common divisor of 18285 and 49405380.
345
What is the highest common factor of 391744 and 1088?
64
What is the greatest common divisor of 8275648 and 1146?
382
Calculate the highest common factor of 75466253 and 1933.
1933
Calculate the greatest common divisor of 26 and 533686.
2
What is the highest common factor of 5928 and 49422344?
152
Calculate the highest common divisor of 1339 and 1808599.
13
Calculate the greatest common divisor of 112850208 and 15012.
5004
What is the greatest common factor of 111 and 14446761?
111
Calculate the highest common divisor of 2466590 and 256011.
1169
Calculate the highest common factor of 23 and 7594855944.
23
What is the highest common factor of 217026 and 4374?
54
Calculate the highest common divisor of 17061 and 115761.
141
Calculate the highest common factor of 41984 and 1241808.
656
Calculate the greatest common factor of 1896 and 1291464.
24
Calculate the greatest common factor of 90 and 40815930.
30
What is the highest common factor of 917760 and 867570?
7170
Calculate the highest common factor of 30210900 and 750.
150
What is the highest common factor of 2459 and 104091929?
2459
Calculate the greatest common factor of 7561461 and 695.
139
Calculate the greatest common factor of 26401934 and 26.
26
Calculate the greatest common divisor of 3239430 and 1290.
30
What is the greatest common divisor of 8863374 and 5070?
1014
Calculate the greatest common divisor of 115089665 and 58835.
8405
Calculate the greatest common divisor of 16617 and 678432.
573
Calculate the highest common divisor of 18610 and 5965.
5
Calculate the greatest common factor of 178420196 and 268.
268
What is the highest common factor of 190 and 11109660?
10
Calculate the highest common divisor of 6720 and 46331040.
3360
What is the greatest common factor of 12333910 and 25?
5
What is the greatest common factor of 209605 and 1452300?
515
What is the highest common divisor of 7768384 and 312?
104
Calculate the highest common factor of 92 and 32570872.
4
Calculate the highest common divisor of 301806 and 4278.
138
Calculate the highest common divisor of 38032 and 149936.
16
Calculate the greatest common divisor of 1375032371 and 53.
53
Calculate the greatest common factor of 7782276 and 9.
3
Calculate the highest common factor of 1873006 and 7048.
1762
What is the greatest common divisor of 1144500 and 2834?
218
Calculate the greatest common factor of 107450 and 13290.
10
Calculate the highest common factor of 369291 and 117.
39
Calculate the highest common factor of 8226941372 and 52.
52
What is the greatest common factor of 68 and 14562319?
17
What is the highest common divisor of 23521936 and 2?
2
Calculate the highest common divisor of 675349392 and 235.
47
Calculate the highest common divisor of 90143 and 1330999.
109
What is the greatest common divisor of 194661761 and 343?
343
What is the highest common divisor of 41244133 and 653?
653
Calculate the highest common factor of 3818556 and 756.
756
What is the highest common divisor of 1057 and 82288507?
1057
What is the highest common divisor of 24988761 and 1872?
9
Calculate the highest common divisor of 13341434 and 1062.
118
What is the greatest common divisor of 91081816 and 56?
56
Calculate the highest common divisor of 30123155 and 9140.
2285
Calculate the highest common factor of 61242350 and 1300.
650
What is the greatest common factor of 578 and 50067312?
34
Calculate the greatest common divisor of 259 and 2720647.
37
What is the highest common factor of 900477 and 81?
81
What is the highest common factor of 462 and 210598234?
154
What is the greatest common divisor of 884 and 278913713?
221
Calculate the greatest common factor of 18137 and 81992195.
2591
What is the highest common divisor of 3118 and 71897962?
3118
Calculate the highest common factor of 42830488 and 16.
8
What is the greatest common factor of 881 and 46374959?
881
Calculate the highest common divisor of 3148 and 22299645.
787
Calculate the highest common factor of 14109180 and 678.
678
Calculate the greatest common divisor of 20726392 and 18232.
424
What is the greatest common divisor of 1 and 9887?
1
Calculate the greatest common divisor of 1601 and 50753301.
1601
What is the highest common factor of 254054 and 21784054?
4306
Calculate the highest common factor of 33360 and 269067165.
2085
What is the highest common divisor of 6777 and 8110563?
753
What is the greatest common divisor of 16505452 and 9348?
3116
Calculate the highest common divisor of 88312 and 661178.
1162
Calculate the greatest common divisor of 348898 and 341.
11
What is the greatest common factor of 4515096 and 1074?
1074
Calculate the highest common divisor of 36186906 and 31647.
2877
What is the greatest common factor of 5808 and 44572044?
1452
Calculate the highest common divisor of 2676999792 and 408.
408
Calculate the greatest common factor of 7013664 and 22720.
2272
Calculate the highest common divisor of 288178 and 1166.
22
Calculate the highest common factor of 65151 and 2219238.
513
What is the highest common divisor of 310072 and 1519?
49
Calculate the greatest common divisor of 296205 and 32240.
2015
What is the highest common factor of 451773 and 478611?
4473
What is the highest common factor of 774 and 13176963?
387
What is the highest common divisor of 704147 and 1517?
37
What is the greatest common divisor of 16979160 and 2970?
330
What is the highest common divisor of 46044 and 5113442?
2558
What is the highest common divisor of 344565 and 179075?
1235
What is the highest common factor of 5745450 and 1950?
150
What is the greatest common divisor of 2433897 and 185?
37
What is the greatest common divisor of 24752886 and 1644?
822
Calculate the highest common factor of 444645 and 153.
9
Calculate the greatest common divisor of 43051014 and 216.
54
Calculate the highest common factor of 11 and 28039429.
11
Calculate the highest common divisor of 2109 and 279757.
37
What is the highest common divisor of 2538 and 335784168?
846
What is the greatest common factor of 9253 and 4907012?
487
What is the highest common divisor of 11201864 and 78792?
536
What is the greatest common factor of 18297270 and 1845?
45
What is the greatest common divisor of 1300 and 736580?
260
Calculate the highest common factor of 166089808 and 184.
184
What is the highest common factor of 59140584 and 27?
27
Calculate the greatest common divisor of 14291392 and 168.
8
Calculate the greatest common factor of 6269520 and 870.
30
Calculate the greatest common divisor of 36 and 111076560.
36
What is the highest common divisor of 3759 and 336763?
7
What is the greatest common divisor of 2161892 and 6844?
116
Calculate the highest common factor of 182 and 1333319351.
91
What is the highest common divisor of 29796 and 21137779?
2483
Calculate the highest common divisor of 35420697 and 786.
393
Calculate the highest common divisor of 10377089 and 833.
17
What is the greatest common divisor of 13258688 and 167696?
3568
Calculate the highest common divisor of 13769080 and 41288.
104
What is the greatest common factor of 136219040 and 134?
134
Calculate the greatest common divisor of 18450586 and 1232.
154
Calculate the highest common factor of 29388805 and 27005.
2455
Calculate the greatest common factor of 3220 and 953